 j(-1)?
0
Let c(x) = -2*x**3 - 4*x**2 - 2*x. Let i be (-18)/(-15)*(-30)/(-18). Let j = 5 + -2. Suppose -j = i*l + 1. Give c(l).
4
Let u be (-1 - -3)*(-9)/6. Let p be (-4)/(-6)*(0 - u). Let g(j) = 9*j + 5. Let b(c) = 12*c + 7. Let w(x) = -2*b(x) + 3*g(x). Calculate w(p).
7
Let c(f) = f - 7. Let v(x) = -9. Let d(w) = c(w) - v(w). Let u be 4/(-22) - 96/(-44). Calculate d(u).
4
Let s(f) = -2*f**3 + 4*f**2 + 2*f. Let g = -3 - 4. Let r(y) = -6*y**3 + 13*y**2 + 6*y. Let i(b) = g*s(b) + 2*r(b). Calculate i(2).
4
Suppose 5 = -h + 4*z - z, -2*z + 2 = -h. Let y(s) = h*s - 6*s - 3*s - 1. Determine y(-1).
4
Let z(d) = d**3 - 4*d**2 + 2*d + 1. Let o(v) = 23*v**2 + 3*v - 3. Let t be o(1). Let c = t + -20. Determine z(c).
-2
Let m(x) = -27*x - 15. Let s(c) = -14*c - 9. Let u(a) = 6*m(a) - 11*s(a). Calculate u(1).
1
Let o(q) = -q**3 - 6*q**2 + q. Let d be o(-6). Let n(a) = -7*a + 139*a**2 + 132*a**2 - 272*a**2 - 4. Let f be n(d). Let i(x) = 3*x + 1. What is i(f)?
7
Suppose -3*c + 4*c = z + 6, -4*c = 2*z - 18. Let n(p) = 0*p**3 + 4*p**3 + 0*p**3. Give n(z).
-4
Let j(y) be the first derivative of -4*y**2 - 95*y + 133. What is j(-12)?
1
Suppose -a = b + 40, 2*a + 3*a + 2*b = -197. Let u = a + 35. Let l(j) = j. Determine l(u).
-4
Let v(w) = w. Let n(q) = 9*q + 17. Let a(d) = -n(d) + 8*v(d). Determine a(-8).
-9
Let x(d) = 3*d - 5. Suppose 5*v - 2*p - 18 = 0, -5*v = 3*p + 3 - 1. Let i be (7/v)/(2/(-4)). Let b = i + 11. Calculate x(b).
7
Let q(z) be the second derivative of -7*z**3/6 + 3*z**2 + 6*z. Let r(y) be the second derivative of y**3/6 + 4*y. Let o(f) = q(f) + 5*r(f). What is o(4)?
-2
Let o = 489 - 496. Let g(a) = a**2 + 9*a + 4. Calculate g(o).
-10
Let l(r) be the first derivative of r**2/2 + r - 1. Suppose 4*h + 30*f - 16 = 26*f, 0 = -5*h + 2*f + 27. Calculate l(h).
6
Let h(n) be the second derivative of -n**7/840 - 7*n**6/360 + 7*n**5/120 - n**4/8 + 11*n**3/6 + 2*n. Let m(w) be the second derivative of h(w). Give m(-8).
5
Let y(f) be the third derivative of f**5/40 + f**4/12 - 11*f**3/6 + 13*f**2. Let w(r) be the first derivative of y(r). Determine w(-6).
-16
Suppose 2*u + 240 = 6*u. Suppose 2*h + 2*w = -2*w, -5*h + u = -5*w. Let o(x) = h + 7 - 14 + 2*x - 16*x**3. Determine o(-1).
15
Let n(d) = 1 - 32*d**2 + 16*d**2 - 4*d**2 + 19*d**2. Calculate n(4).
-15
Let w be (1 - -1)/((-10)/(-15)). Let u(z) = -z + 3. Let f(p) = 4*p - 15. Let o(q) = -1. Let x(i) = -f(i) + 5*o(i). Let l(j) = 7*u(j) - 2*x(j). Determine l(w).
4
Let j(m) = 6*m + 2. Let n(f) = -11*f - 4. Let s(b) = 5*j(b) + 3*n(b). Suppose 14 = -10*u + 3*u. Calculate s(u).
4
Let f(y) = -79*y**3 + y + 4*y**2 - 4016 + 78*y**3 + 4013. Let m(z) = z**2 - 3*z - 7. Let o be m(5). Suppose -n + o*n = 6. Determine f(n).
9
Let m(s) be the second derivative of -s**3/6 + 2*s**2 + 80*s. Give m(11).
-7
Let d be 4 + (-11 - -10)/(-1). Let f(l) = l - 11. Determine f(d).
-6
Let k(c) be the third derivative of c**6/120 + c**5/5 + 11*c**4/24 + 8*c**3/3 - 43*c**2 + 3. Determine k(-11).
16
Let i(m) = 11*m**3 + 2*m**2 - 4*m + 8. Let p(x) = -9*x**3 - x**2 + 4*x - 6. Let d(b) = -5*i(b) - 6*p(b). Determine d(-3).
-1
Let m be ((-154)/(-110))/((-6)/60). Let o(r) = -r + 12. Give o(m).
26
Suppose -6*i + i = 0. Suppose i = 3*k - 0*k - 6. Let d(a) = 0 - 1 - k + a. Determine d(-3).
-6
Let j be ((-220)/(-66))/(2/3). Let i(b) = -j*b**2 + 0*b**2 + 4*b**2 - b + 2*b**2 - 2. Give i(4).
10
Let u(t) be the second derivative of t**5/20 - t**4/3 + t**3/6 - 3*t**2/2 + 44*t. Calculate u(4).
1
Let j(u) = -u - 1. Let y(w) be the first derivative of -3*w**2/2 - 9*w + 5. Let b(z) = 2*j(z) - y(z). Let a = -7 + 1. Calculate b(a).
1
Let q(o) be the third derivative of -o**5/60 - 7*o**4/8 - o**3/6 + 775*o**2. Give q(-21).
-1
Let w(g) = -g**2 + 2*g + 3. Let f be w(-1). Let j be (-8 + 1)/(-5 - -4). Let l(d) = -d**3 + 0*d - d**2 - j + 0*d. Give l(f).
-7
Let l(t) be the first derivative of -t**3/3 - 4*t**2 + 2*t + 170. Give l(-8).
2
Let m(n) = -n**2 - 5*n + 2. Suppose i + 5*q - 3 = -2*i, -5 = -5*i + 2*q. Let v be (1 + 1/(-1))*i. Suppose v = -2*h + c - 9, -5*h - 5*c = -0*h. Calculate m(h).
8
Suppose 4*g - m + 14 = 0, -4*g - 4*m + 1 = 5. Let j(l) be the first derivative of -3*l**2/2 - 3*l + 1. Let d(b) = b. Let t(w) = -4*d(w) - j(w). Give t(g).
6
Let r(x) be the first derivative of 0 - x**2 - 1 + 4*x**2 - 5*x**2. Determine r(5).
-20
Let v(x) = x**3 + 3 + 18*x - 24*x + 2*x**2 + 8*x. What is v(-2)?
-1
Let o be 2*((-4)/(-8) - -2). Suppose -o*h + 12 = 22. Let c be (8/(-2) - -2)/h. Let i(s) = -12*s**3 + 1. Give i(c).
-11
Let n(o) = 4*o + 4 - 7*o**2 + 5 - 2 + o**3. Let a = 238 + -232. Determine n(a).
-5
Let d(h) = -3*h + 3*h - 2*h - 2 + 4*h - 3*h. Give d(-3).
1
Suppose -5*k + 17 = -13. Let d = -4 + k. Let g(u) = u**2 + 2*u - 3*u**2 + 0*u**2 + 0*u**2 - 2. Determine g(d).
-6
Let k(n) be the first derivative of -9*n**2/2 - n - 197. Calculate k(1).
-10
Let o(f) = -2*f + 19. Let k be o(10). Let p be 2 + (2 + k)*(15 - 12). Let t(i) = -i**2 + 6*i - 5. Give t(p).
0
Let a(p) = -6*p. Let w(t) = -5*t + 1. Let y(g) = 6*a(g) - 7*w(g). Let c = -9 + 5. Give y(c).
-3
Let f(g) = -2*g**2 + 9*g + 4. Let h(q) = -5*q**2 + 18*q + 7. Let z(t) = 7*f(t) - 3*h(t). What is z(-8)?
-1
Let n(j) = 23*j - 187. Let w be n(8). Let y(o) = -o**2 - 4*o - 1. What is y(w)?
2
Let a(x) = -13*x - 5. Let d(i) be the second derivative of 11*i**3/6 + 2*i**2 - 22*i. Let b(o) = 5*a(o) + 6*d(o). Let f = -11 - -6. Give b(f).
-6
Let g(p) = 2*p**3 - 2*p. Let q(i) = -i**3 + 14*i**2 + 15*i - 2. Let l be q(15). Calculate g(l).
-12
Let d(h) = h**2 + 5*h - 2. Let t(i) = -i**3 + 13*i**2 - 13*i + 7. Let v = 38 + -26. Let l be t(v). Give d(l).
-2
Let l(d) = -20*d + 5. Let x(c) = 11*c - 4. Let y(i) = 6*l(i) + 11*x(i). Give y(14).
0
Let m = 2894 - 2901. Let j(r) = -2*r**2 - 12*r + 6. Calculate j(m).
-8
Suppose -2*w + 10 = -2*o + 2, 0 = 4*o - w + 13. Let k(j) = j**2 + 6*j + 3. Calculate k(o).
-6
Let k(v) = v**3 + 3*v**2 - v + 1. Let l(i) = 3*i**2 + 6*i - 17. Let t be l(5). Let f = t - 90. Give k(f).
7
Let l(v) be the first derivative of v**3/3 - v**2 - 3*v + 115. Give l(-2).
5
Let n(j) = -j**2 - 8*j - 8. Let g be (3 - (-93)/(-21))/(1/(-7)). Suppose -g = 3*q - o + 11, -4*q - 2*o - 38 = 0. Determine n(q).
-8
Let t be 3*(-4)/6 + -3. Let o(i) = 5*i - 34 - i**3 + 7*i**2 + 33 + 12*i**3. Let b(c) = 7*c**3 + 5*c**2 + 3*c - 1. Let m(l) = 8*b(l) - 5*o(l). Give m(t).
2
Let y(v) = -4*v**2 + v. Suppose -2 = 3*l - 17. Suppose -o + 6 = l. Give y(o).
-3
Let v(k) = -27*k - 2. Let c(g) = -18*g - 1. Let p(u) = 7*c(u) - 5*v(u). Suppose 9 = -13*j - 17. Calculate p(j).
-15
Let c(f) = -f**3 - 19*f**2 - f - 5. Suppose 0 = -11*b + 17*b + 114. What is c(b)?
14
Let r(b) be the second derivative of -b**5/20 + 5*b**4/6 - 3*b**3/2 - 3*b**2 - 3*b - 22. Give r(9).
-6
Let v = -125/9 - -277/18. Let f(l) be the first derivative of 2*l + 0*l**3 + v*l**2 + 12 - 1/4*l**4. What is f(-2)?
4
Let y(b) be the second derivative of -b**4/12 - 7*b**3/6 - 3*b**2 + 306*b. Calculate y(-5).
4
Suppose -40 = -9*i - 4. Suppose -b - 8*d + 6 = -i*d, -3*d = -3*b + 3. Let g(o) = 3*o - 3. What is g(b)?
3
Let l(g) = 589*g**2 - 290*g**2 - g - 1 - g**3 - 300*g**2. Let j be (-5 - -5)/(1/(-1)). Give l(j).
-1
Let h(r) = 5*r**2 + 1. Let s = -29 - -20. Let w(j) = -j**3 - 9*j**2 - j - 7. Let c be w(s). Suppose c*p + 0*p = -2. Calculate h(p).
6
Let i(k) be the first derivative of k**4/4 + 5*k**3/3 - 7*k**2/2 - 8*k - 1855. Suppose 4*y = -23 - 1. Calculate i(y).
-2
Let f = -8 + 10. Let d(x) = 3*x. Let g be d(f). Let z(b) = -21*b + 11*b + 9*b. Give z(g).
-6
Let o(d) = d**2 + 66*d - 210. Let a be o(-69). Let y(k) = 7*k - 6. What is y(a)?
-27
Let t(q) = q**3 - 18*q**2 + 1. Let m be t(18). Let d(u) = -2 - 4*u + 3*u + 2 - m. Give d(-4).
3
Let c(o) = -5*o**2 - 226*o + 4*o**2 + 244*o + 7. Determine c(19).
-12
Let q(r) = 15*r + 11. Let x(t) = -t - t - 5*t + 3 - 8. Let j(n) = -6*q(n) - 13*x(n). Calculate j(-1).
-2
Let x(g) = -g**2 - 90*g - 89*g + 180*g. Suppose 3 = 5*n + 2*k - 2, 0 = -2*n + 2*k + 2. Give x(n).
0
Let i = -2 - 2. Let x(z) = 4*z + 2. Let s be x(0). Let j(n) = 28 - 24 + 3*n - 9 + n + n**s. Give j(i).
-5
Let h(m) be the second derivative of m**5/60 - m**4/8 + 9*m**3/2 - 11*m. Let d(c) be the second derivative of h(c). Give d(5).
7
Let a(s) = 5*s**2 - s + 5. Let l(h) = 4*h**2 + 4. Suppose -35 =